{"id":561,"date":"2023-10-24T17:03:38","date_gmt":"2023-10-24T17:03:38","guid":{"rendered":"https:\/\/diegolaverdeurologia.com\/?page_id=561"},"modified":"2023-10-29T10:46:09","modified_gmt":"2023-10-29T10:46:09","slug":"litiasis","status":"publish","type":"page","link":"https:\/\/diegolaverdeurologia.com\/index.php\/litiasis\/","title":{"rendered":"Litiasis"},"content":{"rendered":"\n<p><\/p>\n\n\n\n<p>La litiasis renal, tambi\u00e9n conocida como c\u00e1lculos renales o piedras en los ri\u00f1ones, es una condici\u00f3n en la cual se forman dep\u00f3sitos s\u00f3lidos de minerales y sales en los ri\u00f1ones. Estas piedras pueden variar en tama\u00f1o desde peque\u00f1os granos de arena hasta grandes masas. La formaci\u00f3n de c\u00e1lculos renales puede ser causada por diversos factores, incluyendo la deshidrataci\u00f3n, ciertos tipos de dieta, problemas metab\u00f3licos y condiciones m\u00e9dicas subyacentes.<\/p>\n\n\n\n<p>Los s\u00edntomas de la litiasis renal pueden incluir dolor severo en la parte baja de la espalda o en el costado, dolor que se irradia hacia el abdomen y la ingle, sangre en la orina, micci\u00f3n frecuente y dolorosa, n\u00e1useas y v\u00f3mitos.<\/p>\n\n\n\n<p><\/p>\n\n\n\n<p>El tratamiento para la litiasis renal puede incluir:<\/p>\n\n\n\n<p><\/p>\n\n\n\n<ol class=\"wp-block-list\">\n<li><strong>Hidrataci\u00f3n:<\/strong> Beber mucha agua es crucial para ayudar a eliminar las piedras y prevenir la formaci\u00f3n de nuevas.<\/li>\n\n\n\n<li><strong>Medicamentos:<\/strong> Dependiendo del tipo de piedra, el m\u00e9dico puede recetarte medicamentos para ayudar a disolver las piedras o para controlar el dolor.<\/li>\n\n\n\n<li><strong>Dieta:<\/strong> Cambios en la dieta pueden ayudar a prevenir la formaci\u00f3n de ciertos tipos de piedras. Esto puede incluir reducir la ingesta de sal y prote\u00ednas animales y aumentar la ingesta de l\u00edquidos y ciertos tipos de frutas y verduras.<\/li>\n\n\n\n<li><strong>Terapia con ondas de choque:<\/strong> Este procedimiento utiliza ondas de choque para romper las piedras en fragmentos m\u00e1s peque\u00f1os que pueden ser eliminados m\u00e1s f\u00e1cilmente a trav\u00e9s de la orina.<\/li>\n\n\n\n<li><strong>Ureteroscopia:<\/strong> En este procedimiento altamente resolutivo, un tubo delgado se inserta a trav\u00e9s de la uretra y la vejiga hasta el ur\u00e9ter para eliminar o fragmentar las piedras. Cuento con gran experiencia en la realizaci\u00f3n de ureteroscopia semi r\u00edgida, flexible intrarenal y fragmentaci\u00f3n de litiasis con l\u00e1ser holmium &#8211; thulium.<\/li>\n\n\n\n<li><strong>Cirug\u00eda:<\/strong> En casos de piedras grandes o complicaciones, puede ser necesaria una cirug\u00eda para eliminar las piedras.<\/li>\n\n\n\n<li><strong>Prevenci\u00f3n:<\/strong> Despu\u00e9s de que las piedras se hayan eliminado, es importante tomar medidas para prevenir la formaci\u00f3n de nuevas piedras. Esto puede incluir cambios en la dieta, medicamentos y controles regulares con un m\u00e9dico.<\/li>\n<\/ol>\n\n\n\n<p>Si sospechas que podr\u00edas tener c\u00e1lculos renales contacta con el Dr. Diego Vladimir Laverde Pati\u00f1o para que puedas recibir un diagn\u00f3stico adecuado y un plan de tratamiento personalizado.<\/p>\n\n\n\n<p><\/p>\n","protected":false},"excerpt":{"rendered":"<p>La litiasis renal, tambi\u00e9n conocida como c\u00e1lculos renales o piedras en los ri\u00f1ones, es una condici\u00f3n en la cual se forman dep\u00f3sitos s\u00f3lidos de minerales y sales en los ri\u00f1ones. Estas piedras pueden variar en tama\u00f1o desde peque\u00f1os granos de arena hasta grandes masas. La formaci\u00f3n de c\u00e1lculos renales puede ser causada por diversos factores, [&hellip;]<\/p>\n","protected":false},"author":1,"featured_media":0,"parent":0,"menu_order":0,"comment_status":"closed","ping_status":"closed","template":"","meta":{"_kadence_starter_templates_imported_post":false,"footnotes":""},"class_list":["post-561","page","type-page","status-publish","hentry"],"yoast_head":"<!-- This site is optimized with the Yoast SEO plugin v27.5 - https:\/\/yoast.com\/product\/yoast-seo-wordpress\/ -->\n<title>Litiasis - Diego Laverde Ur\u00f3logo<\/title>\n<meta name=\"robots\" content=\"index, follow, max-snippet:-1, max-image-preview:large, max-video-preview:-1\" \/>\n<link rel=\"canonical\" href=\"https:\/\/diegolaverdeurologia.com\/index.php\/litiasis\/\" \/>\n<meta property=\"og:locale\" content=\"es_ES\" \/>\n<meta property=\"og:type\" content=\"article\" \/>\n<meta property=\"og:title\" content=\"Litiasis - Diego Laverde Ur\u00f3logo\" \/>\n<meta property=\"og:description\" content=\"La litiasis renal, tambi\u00e9n conocida como c\u00e1lculos renales o piedras en los ri\u00f1ones, es una condici\u00f3n en la cual se forman dep\u00f3sitos s\u00f3lidos de minerales y sales en los ri\u00f1ones. Estas piedras pueden variar en tama\u00f1o desde peque\u00f1os granos de arena hasta grandes masas. La formaci\u00f3n de c\u00e1lculos renales puede ser causada por diversos factores, [&hellip;]\" \/>\n<meta property=\"og:url\" content=\"https:\/\/diegolaverdeurologia.com\/index.php\/litiasis\/\" \/>\n<meta property=\"og:site_name\" content=\"Diego Laverde Ur\u00f3logo\" \/>\n<meta property=\"article:modified_time\" content=\"2023-10-29T10:46:09+00:00\" \/>\n<meta name=\"twitter:card\" content=\"summary_large_image\" \/>\n<meta name=\"twitter:label1\" content=\"Tiempo de lectura\" \/>\n\t<meta name=\"twitter:data1\" content=\"2 minutos\" \/>\n<script type=\"application\/ld+json\" class=\"yoast-schema-graph\">{\"@context\":\"https:\\\/\\\/schema.org\",\"@graph\":[{\"@type\":\"WebPage\",\"@id\":\"https:\\\/\\\/diegolaverdeurologia.com\\\/index.php\\\/litiasis\\\/\",\"url\":\"https:\\\/\\\/diegolaverdeurologia.com\\\/index.php\\\/litiasis\\\/\",\"name\":\"Litiasis - Diego Laverde Ur\u00f3logo\",\"isPartOf\":{\"@id\":\"https:\\\/\\\/diegolaverdeurologia.com\\\/#website\"},\"datePublished\":\"2023-10-24T17:03:38+00:00\",\"dateModified\":\"2023-10-29T10:46:09+00:00\",\"breadcrumb\":{\"@id\":\"https:\\\/\\\/diegolaverdeurologia.com\\\/index.php\\\/litiasis\\\/#breadcrumb\"},\"inLanguage\":\"es\",\"potentialAction\":[{\"@type\":\"ReadAction\",\"target\":[\"https:\\\/\\\/diegolaverdeurologia.com\\\/index.php\\\/litiasis\\\/\"]}]},{\"@type\":\"BreadcrumbList\",\"@id\":\"https:\\\/\\\/diegolaverdeurologia.com\\\/index.php\\\/litiasis\\\/#breadcrumb\",\"itemListElement\":[{\"@type\":\"ListItem\",\"position\":1,\"name\":\"Portada\",\"item\":\"https:\\\/\\\/diegolaverdeurologia.com\\\/\"},{\"@type\":\"ListItem\",\"position\":2,\"name\":\"Litiasis\"}]},{\"@type\":\"WebSite\",\"@id\":\"https:\\\/\\\/diegolaverdeurologia.com\\\/#website\",\"url\":\"https:\\\/\\\/diegolaverdeurologia.com\\\/\",\"name\":\"Dr. Diego Laverde Ur\u00f3logo\",\"description\":\"\",\"publisher\":{\"@id\":\"https:\\\/\\\/diegolaverdeurologia.com\\\/#\\\/schema\\\/person\\\/9dea2301913fa8c6da2ee2af6fa6ce53\"},\"potentialAction\":[{\"@type\":\"SearchAction\",\"target\":{\"@type\":\"EntryPoint\",\"urlTemplate\":\"https:\\\/\\\/diegolaverdeurologia.com\\\/?s={search_term_string}\"},\"query-input\":{\"@type\":\"PropertyValueSpecification\",\"valueRequired\":true,\"valueName\":\"search_term_string\"}}],\"inLanguage\":\"es\"},{\"@type\":[\"Person\",\"Organization\"],\"@id\":\"https:\\\/\\\/diegolaverdeurologia.com\\\/#\\\/schema\\\/person\\\/9dea2301913fa8c6da2ee2af6fa6ce53\",\"name\":\"admin\",\"image\":{\"@type\":\"ImageObject\",\"inLanguage\":\"es\",\"@id\":\"https:\\\/\\\/diegolaverdeurologia.com\\\/wp-content\\\/uploads\\\/2023\\\/09\\\/Sacha-Dubois-1.png\",\"url\":\"https:\\\/\\\/diegolaverdeurologia.com\\\/wp-content\\\/uploads\\\/2023\\\/09\\\/Sacha-Dubois-1.png\",\"contentUrl\":\"https:\\\/\\\/diegolaverdeurologia.com\\\/wp-content\\\/uploads\\\/2023\\\/09\\\/Sacha-Dubois-1.png\",\"width\":500,\"height\":500,\"caption\":\"admin\"},\"logo\":{\"@id\":\"https:\\\/\\\/diegolaverdeurologia.com\\\/wp-content\\\/uploads\\\/2023\\\/09\\\/Sacha-Dubois-1.png\"},\"sameAs\":[\"http:\\\/\\\/diegolaverdeurologia.com\"]}]}<\/script>\n<!-- \/ Yoast SEO plugin. -->","yoast_head_json":{"title":"Litiasis - Diego Laverde Ur\u00f3logo","robots":{"index":"index","follow":"follow","max-snippet":"max-snippet:-1","max-image-preview":"max-image-preview:large","max-video-preview":"max-video-preview:-1"},"canonical":"https:\/\/diegolaverdeurologia.com\/index.php\/litiasis\/","og_locale":"es_ES","og_type":"article","og_title":"Litiasis - Diego Laverde Ur\u00f3logo","og_description":"La litiasis renal, tambi\u00e9n conocida como c\u00e1lculos renales o piedras en los ri\u00f1ones, es una condici\u00f3n en la cual se forman dep\u00f3sitos s\u00f3lidos de minerales y sales en los ri\u00f1ones. Estas piedras pueden variar en tama\u00f1o desde peque\u00f1os granos de arena hasta grandes masas. La formaci\u00f3n de c\u00e1lculos renales puede ser causada por diversos factores, [&hellip;]","og_url":"https:\/\/diegolaverdeurologia.com\/index.php\/litiasis\/","og_site_name":"Diego Laverde Ur\u00f3logo","article_modified_time":"2023-10-29T10:46:09+00:00","twitter_card":"summary_large_image","twitter_misc":{"Tiempo de lectura":"2 minutos"},"schema":{"@context":"https:\/\/schema.org","@graph":[{"@type":"WebPage","@id":"https:\/\/diegolaverdeurologia.com\/index.php\/litiasis\/","url":"https:\/\/diegolaverdeurologia.com\/index.php\/litiasis\/","name":"Litiasis - Diego Laverde Ur\u00f3logo","isPartOf":{"@id":"https:\/\/diegolaverdeurologia.com\/#website"},"datePublished":"2023-10-24T17:03:38+00:00","dateModified":"2023-10-29T10:46:09+00:00","breadcrumb":{"@id":"https:\/\/diegolaverdeurologia.com\/index.php\/litiasis\/#breadcrumb"},"inLanguage":"es","potentialAction":[{"@type":"ReadAction","target":["https:\/\/diegolaverdeurologia.com\/index.php\/litiasis\/"]}]},{"@type":"BreadcrumbList","@id":"https:\/\/diegolaverdeurologia.com\/index.php\/litiasis\/#breadcrumb","itemListElement":[{"@type":"ListItem","position":1,"name":"Portada","item":"https:\/\/diegolaverdeurologia.com\/"},{"@type":"ListItem","position":2,"name":"Litiasis"}]},{"@type":"WebSite","@id":"https:\/\/diegolaverdeurologia.com\/#website","url":"https:\/\/diegolaverdeurologia.com\/","name":"Dr. Diego Laverde Ur\u00f3logo","description":"","publisher":{"@id":"https:\/\/diegolaverdeurologia.com\/#\/schema\/person\/9dea2301913fa8c6da2ee2af6fa6ce53"},"potentialAction":[{"@type":"SearchAction","target":{"@type":"EntryPoint","urlTemplate":"https:\/\/diegolaverdeurologia.com\/?s={search_term_string}"},"query-input":{"@type":"PropertyValueSpecification","valueRequired":true,"valueName":"search_term_string"}}],"inLanguage":"es"},{"@type":["Person","Organization"],"@id":"https:\/\/diegolaverdeurologia.com\/#\/schema\/person\/9dea2301913fa8c6da2ee2af6fa6ce53","name":"admin","image":{"@type":"ImageObject","inLanguage":"es","@id":"https:\/\/diegolaverdeurologia.com\/wp-content\/uploads\/2023\/09\/Sacha-Dubois-1.png","url":"https:\/\/diegolaverdeurologia.com\/wp-content\/uploads\/2023\/09\/Sacha-Dubois-1.png","contentUrl":"https:\/\/diegolaverdeurologia.com\/wp-content\/uploads\/2023\/09\/Sacha-Dubois-1.png","width":500,"height":500,"caption":"admin"},"logo":{"@id":"https:\/\/diegolaverdeurologia.com\/wp-content\/uploads\/2023\/09\/Sacha-Dubois-1.png"},"sameAs":["http:\/\/diegolaverdeurologia.com"]}]}},"_links":{"self":[{"href":"https:\/\/diegolaverdeurologia.com\/index.php\/wp-json\/wp\/v2\/pages\/561","targetHints":{"allow":["GET"]}}],"collection":[{"href":"https:\/\/diegolaverdeurologia.com\/index.php\/wp-json\/wp\/v2\/pages"}],"about":[{"href":"https:\/\/diegolaverdeurologia.com\/index.php\/wp-json\/wp\/v2\/types\/page"}],"author":[{"embeddable":true,"href":"https:\/\/diegolaverdeurologia.com\/index.php\/wp-json\/wp\/v2\/users\/1"}],"replies":[{"embeddable":true,"href":"https:\/\/diegolaverdeurologia.com\/index.php\/wp-json\/wp\/v2\/comments?post=561"}],"version-history":[{"count":3,"href":"https:\/\/diegolaverdeurologia.com\/index.php\/wp-json\/wp\/v2\/pages\/561\/revisions"}],"predecessor-version":[{"id":829,"href":"https:\/\/diegolaverdeurologia.com\/index.php\/wp-json\/wp\/v2\/pages\/561\/revisions\/829"}],"wp:attachment":[{"href":"https:\/\/diegolaverdeurologia.com\/index.php\/wp-json\/wp\/v2\/media?parent=561"}],"curies":[{"name":"wp","href":"https:\/\/api.w.org\/{rel}","templated":true}]}}